e the remainder when 3354 is divided by 176.
10
What is the remainder when 148517 is divided by 49?
47
Calculate the remainder when 1229 is divided by 322.
263
Calculate the remainder when 2562 is divided by 2480.
82
Calculate the remainder when 4485 is divided by 479.
174
What is the remainder when 5997 is divided by 330?
57
What is the remainder when 6905 is divided by 3450?
5
What is the remainder when 3655077 is divided by 990?
987
Calculate the remainder when 112704 is divided by 289.
283
What is the remainder when 31388 is divided by 2092?
8
Calculate the remainder when 24726 is divided by 8235.
21
Calculate the remainder when 77009 is divided by 397.
388
What is the remainder when 81324 is divided by 237?
33
What is the remainder when 54816 is divided by 134?
10
What is the remainder when 34890 is divided by 141?
63
Calculate the remainder when 7772 is divided by 520.
492
What is the remainder when 1222 is divided by 82?
74
What is the remainder when 28509 is divided by 27?
24
Calculate the remainder when 1010 is divided by 183.
95
What is the remainder when 56820 is divided by 403?
400
Calculate the remainder when 3687 is divided by 1061.
504
What is the remainder when 51923 is divided by 8?
3
Calculate the remainder when 15692 is divided by 266.
264
What is the remainder when 196529 is divided by 406?
25
Calculate the remainder when 46171 is divided by 1320.
1291
What is the remainder when 44181 is divided by 44?
5
What is the remainder when 6551 is divided by 11?
6
Calculate the remainder when 84959 is divided by 10.
9
What is the remainder when 65727 is divided by 46?
39
What is the remainder when 34862 is divided by 1237?
226
What is the remainder when 121348 is divided by 10?
8
What is the remainder when 5941 is divided by 300?
241
Calculate the remainder when 181277 is divided by 203.
201
Calculate the remainder when 5519 is divided by 184.
183
Calculate the remainder when 2609 is divided by 149.
76
Calculate the remainder when 4764 is divided by 704.
540
What is the remainder when 24309 is divided by 14?
5
What is the remainder when 37826 is divided by 2363?
18
Calculate the remainder when 55639 is divided by 376.
367
What is the remainder when 84777 is divided by 757?
750
What is the remainder when 48155 is divided by 16048?
11
What is the remainder when 65101 is divided by 77?
36
What is the remainder when 13112 is divided by 4175?
587
Calculate the remainder when 742305 is divided by 1123.
2
What is the remainder when 9578 is divided by 355?
348
What is the remainder when 5862 is divided by 1952?
6
Calculate the remainder when 3253 is divided by 38.
23
Calculate the remainder when 124326 is divided by 672.
6
Calculate the remainder when 2047 is divided by 320.
127
Calculate the remainder when 2030288 is divided by 65493.
5
What is the remainder when 556 is divided by 129?
40
What is the remainder when 33615 is divided by 143?
10
Calculate the remainder when 477603 is divided by 159200.
3
Calculate the remainder when 200427 is divided by 45.
42
Calculate the remainder when 2671 is divided by 879.
34
Calculate the remainder when 1517594 is divided by 177.
173
Calculate the remainder when 8005 is divided by 2520.
445
Calculate the remainder when 10020 is divided by 716.
712
Calculate the remainder when 84081 is divided by 132.
129
Calculate the remainder when 15386 is divided by 636.
122
Calculate the remainder when 29982 is divided by 196.
190
What is the remainder when 73282 is divided by 36633?
16
Calculate the remainder when 745 is divided by 470.
275
Calculate the remainder when 24561 is divided by 2723.
54
Calculate the remainder when 178259 is divided by 60.
59
Calculate the remainder when 289057 is divided by 6.
1
What is the remainder when 24381 is divided by 30?
21
What is the remainder when 78352 is divided by 1351?
1345
Calculate the remainder when 10068 is divided by 69.
63
Calculate the remainder when 763 is divided by 9.
7
Calculate the remainder when 5844 is divided by 60.
24
Calculate the remainder when 672 is divided by 386.
286
What is the remainder when 2480 is divided by 1229?
22
Calculate the remainder when 343254 is divided by 171624.
6
What is the remainder when 561377 is divided by 217?
215
Calculate the remainder when 367877 is divided by 7.
6
Calculate the remainder when 349021 is divided by 52.
49
Calculate the remainder when 33727 is divided by 458.
293
What is the remainder when 26263 is divided by 335?
133
Calculate the remainder when 95172 is divided by 425.
397
What is the remainder when 1252 is divided by 639?
613
Calculate the remainder when 1030 is divided by 197.
45
Calculate the remainder when 81746 is divided by 93.
92
What is the remainder when 11675 is divided by 77?
48
What is the remainder when 58940 is divided by 45?
35
What is the remainder when 1071 is divided by 130?
31
Calculate the remainder when 1136 is divided by 566.
4
What is the remainder when 60917 is divided by 20250?
167
Calculate the remainder when 6707 is divided by 869.
624
What is the remainder when 19001 is divided by 114?
77
What is the remainder when 8435 is divided by 421?
15
Calculate the remainder when 149776 is divided by 31.
15
What is the remainder when 6516 is divided by 653?
639
Calculate the remainder when 304751 is divided by 84.
83
What is the remainder when 4029 is divided by 459?
357
Calculate the remainder when 3545 is divided by 947.
704
What is the remainder when 8653 is divided by 270?
13
Calculate the remainder when 24243 is divided by 8081.
0
What is the remainder when 93733 is divided by 2343?
13
Calculate the remainder when 122763 is divided by 62.
3
Calculate the remainder when 65938 is divided by 21972.
22
Calculate the remainder when 110263 is divided by 36748.
19
Calculate the remainder when 6811 is divided by 680.
11
What is the remainder when 138226 is divided by 61?
0
Calculate the remainder when 2643363 is divided by 331.
328
Calculate the remainder when 849998 is divided by 291.
278
Calculate the remainder when 844 is divided by 195.
64
What is the remainder when 2077035 is divided by 677?
676
Calculate the remainder when 159465 is divided by 137.
134
What is the remainder when 2334328 is divided by 37?
35
What is the remainder when 84247 is divided by 357?
352
Calculate the remainder when 5624 is divided by 35.
24
Calculate the remainder when 218641 is divided by 565.
551
Calculate the remainder when 225755 is divided by 457.
454
Calculate the remainder when 379997 is divided by 608.
605
Calculate the remainder when 3466 is divided by 3.
1
What is the remainder when 3811 is divided by 72?
67
Calculate the remainder when 197086 is divided by 21898.
4
Calculate the remainder when 17144 is divided by 252.
8
Calculate the remainder when 1456841 is divided by 291368.
1
Calculate the remainder when 18370 is divided by 6119.
13
What is the remainder when 2470 is divided by 1081?
308
Calculate the remainder when 8260 is divided by 110.
10
What is the remainder when 3422 is divided by 15?
2
Calculate the remainder when 203839 is divided by 8.
7
What is the remainder when 518 is divided by 349?
169
What is the remainder when 267 is divided by 261?
6
What is the remainder when 28402 is divided by 19?
16
Calculate the remainder when 21218 is divided by 15.
8
What is the remainder when 19683 is divided by 1035?
18
What is the remainder when 826569 is divided by 413281?
7
What is the remainder when 272299 is divided by 39?
1
What is the remainder when 23420 is divided by 509?
6
What is the remainder when 10267 is divided by 160?
27
What is the remainder when 386351 is divided by 326?
41
Calculate the remainder when 75714 is divided by 1221.
12
What is the remainder when 4629 is divided by 132?
9
Calculate the remainder when 3203 is divided by 1031.
110
Calculate the remainder when 1683973 is divided by 118.
113
What is the remainder when 19409 is divided by 46?
43
Calculate the remainder when 3240 is divided by 96.
72
Calculate the remainder when 352390 is divided by 19.
16
Calculate the remainder when 81225 is divided by 253.
12
What is the remainder when 58779 is divided by 46?
37
What is the remainder when 44238 is divided by 280?
278
Calculate the remainder when 134 is divided by 5.
4
Calcu